{"id":13329,"date":"2022-12-20T17:14:00","date_gmt":"2022-12-20T16:14:00","guid":{"rendered":"https:\/\/www.im7ten.com\/wp-content\/uploads\/2022\/12\/im7ten_Silvester_Silvesterbraeuche_auf_der_ganzen_Welt_und_in_Oesterreich.jpg"},"modified":"2022-12-20T17:14:47","modified_gmt":"2022-12-20T16:14:47","slug":"im7ten_silvester_silvesterbraeuche_auf_der_ganzen_welt_und_in_oesterreich-2","status":"inherit","type":"attachment","link":"https:\/\/www.im7ten.com\/en\/im7ten_silvester_silvesterbraeuche_auf_der_ganzen_welt_und_in_oesterreich-2\/","title":{"rendered":"im7ten_Silvester_Silvesterbraeuche_auf_der_ganzen_Welt_und_in_Oesterreich"},"author":25,"featured_media":0,"comment_status":"closed","ping_status":"closed","template":"","meta":{"_acf_changed":false},"class_list":["post-13329","attachment","type-attachment","status-inherit","hentry"],"acf":[],"description":{"rendered":"<p class=\"attachment\"><a href='https:\/\/www.im7ten.com\/wp-content\/uploads\/2022\/12\/im7ten_Silvester_Silvesterbraeuche_auf_der_ganzen_Welt_und_in_Oesterreich.jpg'><img fetchpriority=\"high\" decoding=\"async\" width=\"300\" height=\"175\" src=\"https:\/\/www.im7ten.com\/wp-content\/uploads\/2022\/12\/im7ten_Silvester_Silvesterbraeuche_auf_der_ganzen_Welt_und_in_Oesterreich-300x175.jpg\" class=\"attachment-medium size-medium\" alt=\"Wir feiern zu Silvester mit Sekt, Gl\u00fccksbringern und Fondue. Erfahre mehr \u00fcber Silvesterbr\u00e4uche rund um die Welt.\" srcset=\"https:\/\/www.im7ten.com\/wp-content\/uploads\/2022\/12\/im7ten_Silvester_Silvesterbraeuche_auf_der_ganzen_Welt_und_in_Oesterreich-300x175.jpg 300w, https:\/\/www.im7ten.com\/wp-content\/uploads\/2022\/12\/im7ten_Silvester_Silvesterbraeuche_auf_der_ganzen_Welt_und_in_Oesterreich-768x448.jpg 768w, https:\/\/www.im7ten.com\/wp-content\/uploads\/2022\/12\/im7ten_Silvester_Silvesterbraeuche_auf_der_ganzen_Welt_und_in_Oesterreich.jpg 800w\" sizes=\"(max-width: 300px) 100vw, 300px\" \/><\/a><\/p>\n"},"caption":{"rendered":""},"alt_text":"Wir feiern zu Silvester mit Sekt, Gl\u00fccksbringern und Fondue. Erfahre mehr \u00fcber Silvesterbr\u00e4uche rund um die Welt.","media_type":"image","mime_type":"image\/jpeg","media_details":{"width":800,"height":467,"file":"2022\/12\/im7ten_Silvester_Silvesterbraeuche_auf_der_ganzen_Welt_und_in_Oesterreich.jpg","filesize":60425,"sizes":{"medium":{"file":"im7ten_Silvester_Silvesterbraeuche_auf_der_ganzen_Welt_und_in_Oesterreich-300x175.jpg","width":300,"height":175,"filesize":14233,"mime_type":"image\/jpeg","source_url":"https:\/\/www.im7ten.com\/wp-content\/uploads\/2022\/12\/im7ten_Silvester_Silvesterbraeuche_auf_der_ganzen_Welt_und_in_Oesterreich-300x175.jpg"},"thumbnail":{"file":"im7ten_Silvester_Silvesterbraeuche_auf_der_ganzen_Welt_und_in_Oesterreich-150x150.jpg","width":150,"height":150,"filesize":7937,"mime_type":"image\/jpeg","source_url":"https:\/\/www.im7ten.com\/wp-content\/uploads\/2022\/12\/im7ten_Silvester_Silvesterbraeuche_auf_der_ganzen_Welt_und_in_Oesterreich-150x150.jpg"},"medium_large":{"file":"im7ten_Silvester_Silvesterbraeuche_auf_der_ganzen_Welt_und_in_Oesterreich-768x448.jpg","width":768,"height":448,"filesize":54715,"mime_type":"image\/jpeg","source_url":"https:\/\/www.im7ten.com\/wp-content\/uploads\/2022\/12\/im7ten_Silvester_Silvesterbraeuche_auf_der_ganzen_Welt_und_in_Oesterreich-768x448.jpg"},"full":{"file":"im7ten_Silvester_Silvesterbraeuche_auf_der_ganzen_Welt_und_in_Oesterreich.jpg","width":800,"height":467,"mime_type":"image\/jpeg","source_url":"https:\/\/www.im7ten.com\/wp-content\/uploads\/2022\/12\/im7ten_Silvester_Silvesterbraeuche_auf_der_ganzen_Welt_und_in_Oesterreich.jpg"}},"image_meta":{"aperture":"0","credit":"","camera":"","caption":"","created_timestamp":"0","copyright":"","focal_length":"0","iso":"0","shutter_speed":"0","title":"","orientation":"1","keywords":[]}},"post":null,"source_url":"https:\/\/www.im7ten.com\/wp-content\/uploads\/2022\/12\/im7ten_Silvester_Silvesterbraeuche_auf_der_ganzen_Welt_und_in_Oesterreich.jpg","_links":{"self":[{"href":"https:\/\/www.im7ten.com\/en\/wp-json\/wp\/v2\/media\/13329","targetHints":{"allow":["GET"]}}],"collection":[{"href":"https:\/\/www.im7ten.com\/en\/wp-json\/wp\/v2\/media"}],"about":[{"href":"https:\/\/www.im7ten.com\/en\/wp-json\/wp\/v2\/types\/attachment"}],"author":[{"embeddable":true,"href":"https:\/\/www.im7ten.com\/en\/wp-json\/wp\/v2\/users\/25"}],"replies":[{"embeddable":true,"href":"https:\/\/www.im7ten.com\/en\/wp-json\/wp\/v2\/comments?post=13329"}]}}

<p class="attachment"><a href='https://www.im7ten.com/wp-content/uploads/2022/12/im7ten_Silvester_Silvesterbraeuche_auf_der_ganzen_Welt_und_in_Oesterreich.jpg'><img fetchpriority="high" decoding="async" width="300" height="175" src="https://www.im7ten.com/wp-content/uploads/2022/12/im7ten_Silvester_Silvesterbraeuche_auf_der_ganzen_Welt_und_in_Oesterreich-300x175.jpg" class="attachment-medium size-medium" alt="Wir feiern zu Silvester mit Sekt, Glücksbringern und Fondue. Erfahre mehr über Silvesterbräuche rund um die Welt." srcset="https://www.im7ten.com/wp-content/uploads/2022/12/im7ten_Silvester_Silvesterbraeuche_auf_der_ganzen_Welt_und_in_Oesterreich-300x175.jpg 300w, https://www.im7ten.com/wp-content/uploads/2022/12/im7ten_Silvester_Silvesterbraeuche_auf_der_ganzen_Welt_und_in_Oesterreich-768x448.jpg 768w, https://www.im7ten.com/wp-content/uploads/2022/12/im7ten_Silvester_Silvesterbraeuche_auf_der_ganzen_Welt_und_in_Oesterreich.jpg 800w" sizes="(max-width: 300px) 100vw, 300px" /></a></p>

Wir feiern zu Silvester mit Sekt, Glücksbringern und Fondue. Erfahre mehr über Silvesterbräuche rund um die Welt.
